{"id":49,"date":"2015-01-08T11:58:12","date_gmt":"2015-01-08T11:58:12","guid":{"rendered":"http:\/\/localhost\/sbcconsulting\/?page_id=49"},"modified":"2015-01-22T11:48:28","modified_gmt":"2015-01-22T11:48:28","slug":"ambito-di-operativita","status":"publish","type":"page","link":"https:\/\/www.sbcconsulting.it\/index.php\/ambito-di-operativita\/","title":{"rendered":"Ambito di operativit\u00e0"},"content":{"rendered":"<div class=\"page\" title=\"Page 7\">\n<div class=\"section\">\n<div class=\"layoutArea\">\n<div class=\"column\">\n<p><img loading=\"lazy\" decoding=\"async\" class=\"aligncenter wp-image-282 size-large\" src=\"http:\/\/www.sbcconsulting.it\/wp-content\/uploads\/2015\/01\/4-1024x576.jpg\" alt=\"4\" width=\"750\" height=\"422\" srcset=\"https:\/\/www.sbcconsulting.it\/wp-content\/uploads\/2015\/01\/4-1024x576.jpg 1024w, https:\/\/www.sbcconsulting.it\/wp-content\/uploads\/2015\/01\/4-300x169.jpg 300w, https:\/\/www.sbcconsulting.it\/wp-content\/uploads\/2015\/01\/4.jpg 1200w\" sizes=\"(max-width: 750px) 100vw, 750px\" \/><\/p>\n<p>La S.B.C. Consulting s.r.l., mediante il coordinamento di tecnici altamente specializzati, fornisce servizi di ingegneria integrati ed opera nei seguenti settori:<\/p>\n<ul>\n<li><strong>Progettazione, direzione lavori e assistenza corso d&#8217;opera<\/strong> di opere di ingegneria applicata alle infrastrutture stradali e ferroviarie (tunnel con scavo tradizionale e meccanizzato, fondazioni e pozzi per viadotti, opere di sostegno), alle dighe (gallerie di derivazione e di scarico tradizionale e meccanizzato, caverne, pozzi con scavo tradizionale e meccanizzato), a cavidotti (oli e gas) ed elettrodotti, alla stabilizzazione di movimenti franosi, alle sistemazioni idrauliche.<\/li>\n<li><strong>Studi geologici applicati (MGR &#8211; Modelli geologici di riferimento) e assistenza corso d&#8217;opera <\/strong>per la progettazione di opere di ingegneria civile (infrastrutture stradali e ferroviarie, cavidotti e elettrodotti), dell&#8217;ingegneria geotecnica (gallerie, pozzi, caverne, stabilizzazione di frane), dell&#8217;ingegneria idraulica (sistemazioni idrauliche, invasi, dighe) e dell&#8217;architettura (complessi residenziali e industriali).<\/li>\n<li><strong>Gestione dei rischi geologici e geotecnici<\/strong> comprendente l&#8217;analisi dei rischi (Risk Management Plan), la loro quantificazione, la loro evoluzione spazio-temporale\u00a0 e le relative misure di attenuazione del rischio, di controllo e di gestione del rischio residuo.<\/li>\n<li><strong>Studi geominerari <\/strong>per la definizione quantitativa e qualitativa (caratterizzazione mineralogica e petrografica) di minerali coltivabili per scopi industriali, valutazione della fattibilit\u00e0 della coltivazione e progettazione e assistenza dei metodi di coltivazione e di ripristino finale delle aree.<\/li>\n<li><strong>Studi idrogeologici<\/strong> per la definizione quantitativa e qualitativa delle riserve e delle risorse idriche e progettazione degli interventi di utilizzo (pozzi, gallerie drenanti, dreni sub orizzontali, trincee drenanti) di acque minerali; progettazione degli interventi di tutela e protezione della risorsa idrica.<\/li>\n<li><strong>Progettazione idraulica <\/strong>per interventi di regimazione (serbatoi, casse di espansione, casse di laminazione, scolmatori, diversivi) e di sistemazioni (opere di difesa spondale, opere trasversali e stabilizzazioni d&#8217;alveo, opere sporgenti) e idraulica di corsi d&#8217;acqua e di torrenti montani; analisi idrologiche, sedimentologiche e modellazioni idrauliche di corsi d&#8217;acqua.<\/li>\n<li><strong>Claims e contenziosi <\/strong>&#8211; Assistenza e perizie tecniche alle imprese in occasione di contenziosi con la Committenza nell&#8217;ambito di imprevisti geologici, morfologici e idrogeologici; attivit\u00e0 perita nell&#8217;ambito di danni e catastrofi naturali; assistenza tecnica alle imprese nell&#8217;ambito dei contratti di lavori pubblici e privati.<\/li>\n<li><strong>Studi di impatto ambientale<\/strong>, studi di fattibilit\u00e0 ambientali, valutazioni di incidenza, valutazioni ambientali strategiche con particolare applicazione per opere infrastrutturali strategiche (strade, autostrade, ferrovie, dighe).<\/li>\n<li><strong>Programmazioni ecologiche-territoriali <\/strong>nell&#8217;ambito della pianificazione territoriale.<\/li>\n<li><strong>Studi e progettazione di inserimento paesaggistico e ambientale<\/strong> per opere di ingegneria civile, geotecnica, idraulica ed architettonica.<\/li>\n<li><strong>Studi percettivi e paesaggistici<\/strong> di opere di ingegneria e relativo sviluppo della progettazione degli interventi di mitigazione e di mimesi ottica.<\/li>\n<li><strong>Studi acustici<\/strong> rivolti alla stima dell&#8217;inquinamento acustico proveniente da opere infrastrutturali (in fase di costruzione e di esercizio).<\/li>\n<li><strong>Studi sulle sorgenti ionizzanti<\/strong> rivolti alla stima dell&#8217;inquinamento elettromagnetico inclusa la progettazione degli interventi di mitigazione.<\/li>\n<li><strong>Progettazione di sistemazioni e di ripristini ambientali<\/strong> inclusa l&#8217;assistenza corso d&#8217;opera.<\/li>\n<li><strong>Progettazione di bonifiche di siti inquinati e degradati<\/strong> inclusa l&#8217;assistenza corso d&#8217;opera.<\/li>\n<li><strong>Progettazione ed esecuzione di piani di monitoraggio ambientale<\/strong>.<\/li>\n<li><strong>Assistenza durante le fasi di verifica di ottemperanza<\/strong> e di attuazioni di progetti infrastrutturali e di interventi complessi sottoposti a VIA.<\/li>\n<li><strong>Cantierizzazione e gestione materie<\/strong> (T&amp;RS, C&amp;D, asfalti).<\/li>\n<li><strong>Implementazione ed esecuzione di Sistemi di Gestione Ambientale di Cantiere<\/strong>.<\/li>\n<li><strong>Progettazione di sistemi di monitoraggio geotecnico e strutturale<\/strong> con applicazione durante le fasi di progettazione, costruzione ed esercizio di opere infrastrutturali (gallerie, pozzi, viadotti, fondazioni, opere di sostegno) e per le dighe (in terra ed in calcestruzzo) e le relative opere accessorie (canali di gronda, gallerie di scarico e di derivazione, torrini piezometrici, condotte).<\/li>\n<li><strong>Progettazione di sistemi di monitoraggio geomorfologico<\/strong> con applicazione per il monitoraggio dell&#8217;attivit\u00e0 spazio-temporale di movimenti franosi, per il controllo degli interventi di mitigazione del rischio idrogeologico e per la gestione del rischio residuo.<\/li>\n<li><strong>Progettazione di sistemi di monitoraggio idrogeologico<\/strong> per il controllo qualitativo e quantitativo delle acque sotterranee, sia per scopi geotecnici che idropotabili e ambientali (controllo della diffusione di inquinanti).<\/li>\n<li><strong>Realizzazione di sistemi di monitoraggio manuali e con trasmissione wireless<\/strong> inclusa l&#8217;assistenza e la manutenzione programmata.<\/li>\n<li><strong>Esecuzione di misure<\/strong> (inclinometriche, inclino-estensimetriche, assestimetriche, piezometriche, misure di deformazione, misure idrometereologiche, misure strutturali, misure delle vibrazioni, misure dei parametri di avanzamento di perforatrici).<\/li>\n<li><strong>Gestione dati di monitoraggio (Web-Gis)<\/strong> mediante l&#8217;apertura di un portale web, all&#8217;interno del quale sar\u00e0 presente l&#8217;intero database (letture, grafici, informazioni cartografiche) relativo ai dati del monitoraggio, totalmente dedicato al cliente, personalizzato e con elevato grado di protezione.<\/li>\n<\/ul>\n<\/div>\n<\/div>\n<\/div>\n<\/div>\n","protected":false},"excerpt":{"rendered":"<p>La S.B.C. Consulting s.r.l., mediante il coordinamento di tecnici altamente specializzati, fornisce servizi di ingegneria integrati ed opera nei seguenti settori: Progettazione, direzione lavori e assistenza corso d&#8217;opera di opere di ingegneria applicata alle infrastrutture stradali e ferroviarie (tunnel con scavo tradizionale e meccanizzato, fondazioni e pozzi per viadotti, opere di sostegno), alle dighe (gallerie [&hellip;]<\/p>\n","protected":false},"author":1,"featured_media":0,"parent":0,"menu_order":0,"comment_status":"closed","ping_status":"closed","template":"","meta":{"footnotes":""},"class_list":["post-49","page","type-page","status-publish","hentry"],"yoast_head":"<!-- This site is optimized with the Yoast SEO plugin v24.5 - https:\/\/yoast.com\/wordpress\/plugins\/seo\/ -->\n<title>Ambito di operativit\u00e0 - SBC Consulting<\/title>\n<meta name=\"description\" content=\"Ambito di operativit\u00e0 di SBC consulting, le nostre specializzazioni e attivit\u00e0.\" \/>\n<meta name=\"robots\" content=\"index, follow, max-snippet:-1, max-image-preview:large, max-video-preview:-1\" \/>\n<link rel=\"canonical\" href=\"https:\/\/www.sbcconsulting.it\/index.php\/ambito-di-operativita\/\" \/>\n<meta property=\"og:locale\" content=\"it_IT\" \/>\n<meta property=\"og:type\" content=\"article\" \/>\n<meta property=\"og:title\" content=\"Ambito di operativit\u00e0 - SBC Consulting\" \/>\n<meta property=\"og:description\" content=\"Ambito di operativit\u00e0 di SBC consulting, le nostre specializzazioni e attivit\u00e0.\" \/>\n<meta property=\"og:url\" content=\"https:\/\/www.sbcconsulting.it\/index.php\/ambito-di-operativita\/\" \/>\n<meta property=\"og:site_name\" content=\"SBC Consulting\" \/>\n<meta property=\"article:modified_time\" content=\"2015-01-22T11:48:28+00:00\" \/>\n<meta property=\"og:image\" content=\"http:\/\/www.sbcconsulting.it\/wp-content\/uploads\/2015\/01\/4-1024x576.jpg\" \/>\n<meta name=\"twitter:label1\" content=\"Tempo di lettura stimato\" \/>\n\t<meta name=\"twitter:data1\" content=\"4 minuti\" \/>\n<script type=\"application\/ld+json\" class=\"yoast-schema-graph\">{\"@context\":\"https:\/\/schema.org\",\"@graph\":[{\"@type\":\"WebPage\",\"@id\":\"https:\/\/www.sbcconsulting.it\/index.php\/ambito-di-operativita\/\",\"url\":\"https:\/\/www.sbcconsulting.it\/index.php\/ambito-di-operativita\/\",\"name\":\"Ambito di operativit\u00e0 - SBC Consulting\",\"isPartOf\":{\"@id\":\"https:\/\/www.sbcconsulting.it\/#website\"},\"primaryImageOfPage\":{\"@id\":\"https:\/\/www.sbcconsulting.it\/index.php\/ambito-di-operativita\/#primaryimage\"},\"image\":{\"@id\":\"https:\/\/www.sbcconsulting.it\/index.php\/ambito-di-operativita\/#primaryimage\"},\"thumbnailUrl\":\"http:\/\/www.sbcconsulting.it\/wp-content\/uploads\/2015\/01\/4-1024x576.jpg\",\"datePublished\":\"2015-01-08T11:58:12+00:00\",\"dateModified\":\"2015-01-22T11:48:28+00:00\",\"description\":\"Ambito di operativit\u00e0 di SBC consulting, le nostre specializzazioni e attivit\u00e0.\",\"breadcrumb\":{\"@id\":\"https:\/\/www.sbcconsulting.it\/index.php\/ambito-di-operativita\/#breadcrumb\"},\"inLanguage\":\"it-IT\",\"potentialAction\":[{\"@type\":\"ReadAction\",\"target\":[\"https:\/\/www.sbcconsulting.it\/index.php\/ambito-di-operativita\/\"]}]},{\"@type\":\"ImageObject\",\"inLanguage\":\"it-IT\",\"@id\":\"https:\/\/www.sbcconsulting.it\/index.php\/ambito-di-operativita\/#primaryimage\",\"url\":\"https:\/\/www.sbcconsulting.it\/wp-content\/uploads\/2015\/01\/4.jpg\",\"contentUrl\":\"https:\/\/www.sbcconsulting.it\/wp-content\/uploads\/2015\/01\/4.jpg\",\"width\":1200,\"height\":675},{\"@type\":\"BreadcrumbList\",\"@id\":\"https:\/\/www.sbcconsulting.it\/index.php\/ambito-di-operativita\/#breadcrumb\",\"itemListElement\":[{\"@type\":\"ListItem\",\"position\":1,\"name\":\"Home\",\"item\":\"https:\/\/www.sbcconsulting.it\/\"},{\"@type\":\"ListItem\",\"position\":2,\"name\":\"Ambito di operativit\u00e0\"}]},{\"@type\":\"WebSite\",\"@id\":\"https:\/\/www.sbcconsulting.it\/#website\",\"url\":\"https:\/\/www.sbcconsulting.it\/\",\"name\":\"SBC Consulting\",\"description\":\"Societ\u00e0 di ingegneria per grandi infrastrutture e territorio\",\"potentialAction\":[{\"@type\":\"SearchAction\",\"target\":{\"@type\":\"EntryPoint\",\"urlTemplate\":\"https:\/\/www.sbcconsulting.it\/?s={search_term_string}\"},\"query-input\":{\"@type\":\"PropertyValueSpecification\",\"valueRequired\":true,\"valueName\":\"search_term_string\"}}],\"inLanguage\":\"it-IT\"}]}<\/script>\n<!-- \/ Yoast SEO plugin. -->","yoast_head_json":{"title":"Ambito di operativit\u00e0 - SBC Consulting","description":"Ambito di operativit\u00e0 di SBC consulting, le nostre specializzazioni e attivit\u00e0.","robots":{"index":"index","follow":"follow","max-snippet":"max-snippet:-1","max-image-preview":"max-image-preview:large","max-video-preview":"max-video-preview:-1"},"canonical":"https:\/\/www.sbcconsulting.it\/index.php\/ambito-di-operativita\/","og_locale":"it_IT","og_type":"article","og_title":"Ambito di operativit\u00e0 - SBC Consulting","og_description":"Ambito di operativit\u00e0 di SBC consulting, le nostre specializzazioni e attivit\u00e0.","og_url":"https:\/\/www.sbcconsulting.it\/index.php\/ambito-di-operativita\/","og_site_name":"SBC Consulting","article_modified_time":"2015-01-22T11:48:28+00:00","og_image":[{"url":"http:\/\/www.sbcconsulting.it\/wp-content\/uploads\/2015\/01\/4-1024x576.jpg","type":"","width":"","height":""}],"twitter_misc":{"Tempo di lettura stimato":"4 minuti"},"schema":{"@context":"https:\/\/schema.org","@graph":[{"@type":"WebPage","@id":"https:\/\/www.sbcconsulting.it\/index.php\/ambito-di-operativita\/","url":"https:\/\/www.sbcconsulting.it\/index.php\/ambito-di-operativita\/","name":"Ambito di operativit\u00e0 - SBC Consulting","isPartOf":{"@id":"https:\/\/www.sbcconsulting.it\/#website"},"primaryImageOfPage":{"@id":"https:\/\/www.sbcconsulting.it\/index.php\/ambito-di-operativita\/#primaryimage"},"image":{"@id":"https:\/\/www.sbcconsulting.it\/index.php\/ambito-di-operativita\/#primaryimage"},"thumbnailUrl":"http:\/\/www.sbcconsulting.it\/wp-content\/uploads\/2015\/01\/4-1024x576.jpg","datePublished":"2015-01-08T11:58:12+00:00","dateModified":"2015-01-22T11:48:28+00:00","description":"Ambito di operativit\u00e0 di SBC consulting, le nostre specializzazioni e attivit\u00e0.","breadcrumb":{"@id":"https:\/\/www.sbcconsulting.it\/index.php\/ambito-di-operativita\/#breadcrumb"},"inLanguage":"it-IT","potentialAction":[{"@type":"ReadAction","target":["https:\/\/www.sbcconsulting.it\/index.php\/ambito-di-operativita\/"]}]},{"@type":"ImageObject","inLanguage":"it-IT","@id":"https:\/\/www.sbcconsulting.it\/index.php\/ambito-di-operativita\/#primaryimage","url":"https:\/\/www.sbcconsulting.it\/wp-content\/uploads\/2015\/01\/4.jpg","contentUrl":"https:\/\/www.sbcconsulting.it\/wp-content\/uploads\/2015\/01\/4.jpg","width":1200,"height":675},{"@type":"BreadcrumbList","@id":"https:\/\/www.sbcconsulting.it\/index.php\/ambito-di-operativita\/#breadcrumb","itemListElement":[{"@type":"ListItem","position":1,"name":"Home","item":"https:\/\/www.sbcconsulting.it\/"},{"@type":"ListItem","position":2,"name":"Ambito di operativit\u00e0"}]},{"@type":"WebSite","@id":"https:\/\/www.sbcconsulting.it\/#website","url":"https:\/\/www.sbcconsulting.it\/","name":"SBC Consulting","description":"Societ\u00e0 di ingegneria per grandi infrastrutture e territorio","potentialAction":[{"@type":"SearchAction","target":{"@type":"EntryPoint","urlTemplate":"https:\/\/www.sbcconsulting.it\/?s={search_term_string}"},"query-input":{"@type":"PropertyValueSpecification","valueRequired":true,"valueName":"search_term_string"}}],"inLanguage":"it-IT"}]}},"_links":{"self":[{"href":"https:\/\/www.sbcconsulting.it\/index.php\/wp-json\/wp\/v2\/pages\/49"}],"collection":[{"href":"https:\/\/www.sbcconsulting.it\/index.php\/wp-json\/wp\/v2\/pages"}],"about":[{"href":"https:\/\/www.sbcconsulting.it\/index.php\/wp-json\/wp\/v2\/types\/page"}],"author":[{"embeddable":true,"href":"https:\/\/www.sbcconsulting.it\/index.php\/wp-json\/wp\/v2\/users\/1"}],"replies":[{"embeddable":true,"href":"https:\/\/www.sbcconsulting.it\/index.php\/wp-json\/wp\/v2\/comments?post=49"}],"version-history":[{"count":7,"href":"https:\/\/www.sbcconsulting.it\/index.php\/wp-json\/wp\/v2\/pages\/49\/revisions"}],"predecessor-version":[{"id":294,"href":"https:\/\/www.sbcconsulting.it\/index.php\/wp-json\/wp\/v2\/pages\/49\/revisions\/294"}],"wp:attachment":[{"href":"https:\/\/www.sbcconsulting.it\/index.php\/wp-json\/wp\/v2\/media?parent=49"}],"curies":[{"name":"wp","href":"https:\/\/api.w.org\/{rel}","templated":true}]}}